[INFO] cloning repository https://github.com/alightgoesout/advent2025
[INFO] running `Command { std: "git" "-c" "credential.helper=" "-c" "credential.helper=/workspace/cargo-home/bin/git-credential-null" "clone" "--bare" "https://github.com/alightgoesout/advent2025" "/workspace/cache/git-repos/https%3A%2F%2Fgithub.com%2Falightgoesout%2Fadvent2025", kill_on_drop: false }`
[INFO] [stderr] Cloning into bare repository '/workspace/cache/git-repos/https%3A%2F%2Fgithub.com%2Falightgoesout%2Fadvent2025'...
[INFO] running `Command { std: "git" "rev-parse" "HEAD", kill_on_drop: false }`
[INFO] [stdout] 0a982ff64a63c30b483714db9d7580fe4e4b5455
[INFO] checking alightgoesout/advent2025 against 40527f3e444fde1deb361751bdef9b9e11d1b971+rustflags=--cfg crater_hack --force-warn invalid-c-variadic-arguments for pr-162478
[INFO] running `Command { std: "git" "clone" "/workspace/cache/git-repos/https%3A%2F%2Fgithub.com%2Falightgoesout%2Fadvent2025" "/workspace/builds/worker-2-tc2/source", kill_on_drop: false }`
[INFO] [stderr] Cloning into '/workspace/builds/worker-2-tc2/source'...
[INFO] [stderr] done.
[INFO] removed /workspace/builds/worker-2-tc2/source/rust-toolchain
[INFO] started tweaking git repo https://github.com/alightgoesout/advent2025
[INFO] finished tweaking git repo https://github.com/alightgoesout/advent2025
[INFO] tweaked toml for git repo https://github.com/alightgoesout/advent2025 written to /workspace/builds/worker-2-tc2/source/Cargo.toml
[INFO] validating manifest of git repo https://github.com/alightgoesout/advent2025 on toolchain 40527f3e444fde1deb361751bdef9b9e11d1b971
[INFO] running `Command { std: CARGO_HOME="/workspace/cargo-home" RUSTUP_HOME="/workspace/rustup-home" "/workspace/cargo-home/bin/cargo" "+40527f3e444fde1deb361751bdef9b9e11d1b971" "metadata" "--manifest-path" "Cargo.toml" "--no-deps", kill_on_drop: false }`
[INFO] crate git repo https://github.com/alightgoesout/advent2025 already has a lockfile, it will not be regenerated
[INFO] running `Command { std: CARGO_HOME="/workspace/cargo-home" RUSTUP_HOME="/workspace/rustup-home" "/workspace/cargo-home/bin/cargo" "+40527f3e444fde1deb361751bdef9b9e11d1b971" "fetch" "--manifest-path" "Cargo.toml", kill_on_drop: false }`
[INFO] [stderr]     Blocking waiting for file lock on package cache
[ERROR] error running command: no output for 300 seconds
[INFO] checking alightgoesout/advent2025 against 40527f3e444fde1deb361751bdef9b9e11d1b971+rustflags=--cfg crater_hack --force-warn invalid-c-variadic-arguments for pr-162478
[INFO] running `Command { std: "git" "clone" "/workspace/cache/git-repos/https%3A%2F%2Fgithub.com%2Falightgoesout%2Fadvent2025" "/workspace/builds/worker-2-tc2/source", kill_on_drop: false }`
[INFO] [stderr] Cloning into '/workspace/builds/worker-2-tc2/source'...
[INFO] [stderr] done.
[INFO] removed /workspace/builds/worker-2-tc2/source/rust-toolchain
[INFO] started tweaking git repo https://github.com/alightgoesout/advent2025
[INFO] finished tweaking git repo https://github.com/alightgoesout/advent2025
[INFO] tweaked toml for git repo https://github.com/alightgoesout/advent2025 written to /workspace/builds/worker-2-tc2/source/Cargo.toml
[INFO] validating manifest of git repo https://github.com/alightgoesout/advent2025 on toolchain 40527f3e444fde1deb361751bdef9b9e11d1b971
[INFO] running `Command { std: CARGO_HOME="/workspace/cargo-home" RUSTUP_HOME="/workspace/rustup-home" "/workspace/cargo-home/bin/cargo" "+40527f3e444fde1deb361751bdef9b9e11d1b971" "metadata" "--manifest-path" "Cargo.toml" "--no-deps", kill_on_drop: false }`
[INFO] crate git repo https://github.com/alightgoesout/advent2025 already has a lockfile, it will not be regenerated
[INFO] running `Command { std: CARGO_HOME="/workspace/cargo-home" RUSTUP_HOME="/workspace/rustup-home" "/workspace/cargo-home/bin/cargo" "+40527f3e444fde1deb361751bdef9b9e11d1b971" "fetch" "--manifest-path" "Cargo.toml", kill_on_drop: false }`
[INFO] [stderr]     Blocking waiting for file lock on package cache
[INFO] [stderr]     Blocking waiting for file lock on package cache
[ERROR] error running command: no output for 300 seconds
[INFO] checking alightgoesout/advent2025 against 40527f3e444fde1deb361751bdef9b9e11d1b971+rustflags=--cfg crater_hack --force-warn invalid-c-variadic-arguments for pr-162478
[INFO] running `Command { std: "git" "clone" "/workspace/cache/git-repos/https%3A%2F%2Fgithub.com%2Falightgoesout%2Fadvent2025" "/workspace/builds/worker-2-tc2/source", kill_on_drop: false }`
[INFO] [stderr] Cloning into '/workspace/builds/worker-2-tc2/source'...
[INFO] [stderr] done.
[INFO] removed /workspace/builds/worker-2-tc2/source/rust-toolchain
[INFO] started tweaking git repo https://github.com/alightgoesout/advent2025
[INFO] finished tweaking git repo https://github.com/alightgoesout/advent2025
[INFO] tweaked toml for git repo https://github.com/alightgoesout/advent2025 written to /workspace/builds/worker-2-tc2/source/Cargo.toml
[INFO] validating manifest of git repo https://github.com/alightgoesout/advent2025 on toolchain 40527f3e444fde1deb361751bdef9b9e11d1b971
[INFO] running `Command { std: CARGO_HOME="/workspace/cargo-home" RUSTUP_HOME="/workspace/rustup-home" "/workspace/cargo-home/bin/cargo" "+40527f3e444fde1deb361751bdef9b9e11d1b971" "metadata" "--manifest-path" "Cargo.toml" "--no-deps", kill_on_drop: false }`
[INFO] crate git repo https://github.com/alightgoesout/advent2025 already has a lockfile, it will not be regenerated
[INFO] running `Command { std: CARGO_HOME="/workspace/cargo-home" RUSTUP_HOME="/workspace/rustup-home" "/workspace/cargo-home/bin/cargo" "+40527f3e444fde1deb361751bdef9b9e11d1b971" "fetch" "--manifest-path" "Cargo.toml", kill_on_drop: false }`
[INFO] [stderr]     Blocking waiting for file lock on package cache
[INFO] [stderr]     Blocking waiting for file lock on package cache
[ERROR] error running command: no output for 300 seconds
[INFO] checking alightgoesout/advent2025 against 40527f3e444fde1deb361751bdef9b9e11d1b971+rustflags=--cfg crater_hack --force-warn invalid-c-variadic-arguments for pr-162478
[INFO] running `Command { std: "git" "clone" "/workspace/cache/git-repos/https%3A%2F%2Fgithub.com%2Falightgoesout%2Fadvent2025" "/workspace/builds/worker-2-tc2/source", kill_on_drop: false }`
[INFO] [stderr] Cloning into '/workspace/builds/worker-2-tc2/source'...
[INFO] [stderr] done.
[INFO] removed /workspace/builds/worker-2-tc2/source/rust-toolchain
[INFO] started tweaking git repo https://github.com/alightgoesout/advent2025
[INFO] finished tweaking git repo https://github.com/alightgoesout/advent2025
[INFO] tweaked toml for git repo https://github.com/alightgoesout/advent2025 written to /workspace/builds/worker-2-tc2/source/Cargo.toml
[INFO] validating manifest of git repo https://github.com/alightgoesout/advent2025 on toolchain 40527f3e444fde1deb361751bdef9b9e11d1b971
[INFO] running `Command { std: CARGO_HOME="/workspace/cargo-home" RUSTUP_HOME="/workspace/rustup-home" "/workspace/cargo-home/bin/cargo" "+40527f3e444fde1deb361751bdef9b9e11d1b971" "metadata" "--manifest-path" "Cargo.toml" "--no-deps", kill_on_drop: false }`
[INFO] crate git repo https://github.com/alightgoesout/advent2025 already has a lockfile, it will not be regenerated
[INFO] running `Command { std: CARGO_HOME="/workspace/cargo-home" RUSTUP_HOME="/workspace/rustup-home" "/workspace/cargo-home/bin/cargo" "+40527f3e444fde1deb361751bdef9b9e11d1b971" "fetch" "--manifest-path" "Cargo.toml", kill_on_drop: false }`
[INFO] [stderr]     Blocking waiting for file lock on package cache
[INFO] [stderr]     Blocking waiting for file lock on package cache
[ERROR] error running command: no output for 300 seconds
[INFO] checking alightgoesout/advent2025 against 40527f3e444fde1deb361751bdef9b9e11d1b971+rustflags=--cfg crater_hack --force-warn invalid-c-variadic-arguments for pr-162478
[INFO] running `Command { std: "git" "clone" "/workspace/cache/git-repos/https%3A%2F%2Fgithub.com%2Falightgoesout%2Fadvent2025" "/workspace/builds/worker-2-tc2/source", kill_on_drop: false }`
[INFO] [stderr] Cloning into '/workspace/builds/worker-2-tc2/source'...
[INFO] [stderr] done.
[INFO] removed /workspace/builds/worker-2-tc2/source/rust-toolchain
[INFO] started tweaking git repo https://github.com/alightgoesout/advent2025
[INFO] finished tweaking git repo https://github.com/alightgoesout/advent2025
[INFO] tweaked toml for git repo https://github.com/alightgoesout/advent2025 written to /workspace/builds/worker-2-tc2/source/Cargo.toml
[INFO] validating manifest of git repo https://github.com/alightgoesout/advent2025 on toolchain 40527f3e444fde1deb361751bdef9b9e11d1b971
[INFO] running `Command { std: CARGO_HOME="/workspace/cargo-home" RUSTUP_HOME="/workspace/rustup-home" "/workspace/cargo-home/bin/cargo" "+40527f3e444fde1deb361751bdef9b9e11d1b971" "metadata" "--manifest-path" "Cargo.toml" "--no-deps", kill_on_drop: false }`
[INFO] crate git repo https://github.com/alightgoesout/advent2025 already has a lockfile, it will not be regenerated
[INFO] running `Command { std: CARGO_HOME="/workspace/cargo-home" RUSTUP_HOME="/workspace/rustup-home" "/workspace/cargo-home/bin/cargo" "+40527f3e444fde1deb361751bdef9b9e11d1b971" "fetch" "--manifest-path" "Cargo.toml", kill_on_drop: false }`
[INFO] [stderr]     Blocking waiting for file lock on package cache
[INFO] [stderr]     Blocking waiting for file lock on package cache
[INFO] running `Command { std: "docker" "create" "-v" "/var/lib/crater-agent-workspace/builds/worker-2-tc2/source:/opt/rustwide/workdir:ro,Z" "-v" "/var/lib/crater-agent-workspace/builds/worker-2-tc2/target:/opt/rustwide/target:rw,Z" "-v" "/var/lib/crater-agent-workspace/cargo-home:/opt/rustwide/cargo-home:ro,Z" "-v" "/var/lib/crater-agent-workspace/rustup-home:/opt/rustwide/rustup-home:ro,Z" "-m" "1610612736" "--network" "none" "ghcr.io/rust-lang/crates-build-env/linux@sha256:8683fc1fc2eb5c9ac98e0d076ab094b2ffac7f99da555d2b6a2e27f346de2ec7" "sleep" "infinity", kill_on_drop: false }`
[INFO] [stdout] 04b502cc4baf97171f6d3885bff41c37523c4314ce56fd1882ab0ab535f39cd4
[INFO] running `Command { std: "docker" "start" "04b502cc4baf97171f6d3885bff41c37523c4314ce56fd1882ab0ab535f39cd4", kill_on_drop: false }`
[INFO] running `Command { std: "docker" "inspect" "04b502cc4baf97171f6d3885bff41c37523c4314ce56fd1882ab0ab535f39cd4", kill_on_drop: false }`
[INFO] running `Command { std: "docker" "exec" "-e" "SOURCE_DIR=/opt/rustwide/workdir" "-e" "CARGO_HOME=/opt/rustwide/cargo-home" "-e" "RUSTUP_HOME=/opt/rustwide/rustup-home" "-e" "CARGO_TARGET_DIR=/opt/rustwide/target" "-w" "/opt/rustwide/workdir" "--user" "0:0" "04b502cc4baf97171f6d3885bff41c37523c4314ce56fd1882ab0ab535f39cd4" "/opt/rustwide/cargo-home/bin/cargo" "+40527f3e444fde1deb361751bdef9b9e11d1b971" "metadata" "--no-deps" "--format-version=1", kill_on_drop: false }`
[INFO] running `Command { std: "docker" "inspect" "04b502cc4baf97171f6d3885bff41c37523c4314ce56fd1882ab0ab535f39cd4", kill_on_drop: false }`
[INFO] running `Command { std: "docker" "exec" "-e" "SOURCE_DIR=/opt/rustwide/workdir" "-e" "CARGO_HOME=/opt/rustwide/cargo-home" "-e" "RUSTUP_HOME=/opt/rustwide/rustup-home" "-e" "CARGO_TARGET_DIR=/opt/rustwide/target" "-e" "CARGO_INCREMENTAL=0" "-e" "RUST_BACKTRACE=full" "-e" "RUSTFLAGS=--cap-lints=forbid --cfg crater_hack --force-warn invalid-c-variadic-arguments" "-e" "RUSTDOCFLAGS=--cap-lints=forbid" "-w" "/opt/rustwide/workdir" "--user" "0:0" "04b502cc4baf97171f6d3885bff41c37523c4314ce56fd1882ab0ab535f39cd4" "/opt/rustwide/cargo-home/bin/cargo" "+40527f3e444fde1deb361751bdef9b9e11d1b971" "check" "--frozen" "--all" "--all-targets" "--message-format=json", kill_on_drop: false }`
[INFO] [stderr]    Compiling libc v0.2.178
[INFO] [stderr]    Compiling find-msvc-tools v0.1.5
[INFO] [stderr]    Compiling num-traits v0.2.19
[INFO] [stderr]    Compiling rustc_version v0.4.1
[INFO] [stderr]    Compiling yeslogic-fontconfig-sys v6.0.0
[INFO] [stderr]     Checking flate2 v1.1.5
[INFO] [stderr]     Checking jpeg-decoder v0.3.2
[INFO] [stderr]     Checking bytemuck v1.24.0
[INFO] [stderr]    Compiling cc v1.2.49
[INFO] [stderr]     Checking png v0.17.16
[INFO] [stderr]     Checking plotters-backend v0.3.7
[INFO] [stderr]     Checking weezl v0.1.12
[INFO] [stderr]    Compiling pathfinder_simd v0.5.5
[INFO] [stderr]    Compiling font-kit v0.14.3
[INFO] [stderr]     Checking gif v0.12.0
[INFO] [stderr]     Checking aho-corasick v1.1.4
[INFO] [stderr]     Checking float-ord v0.3.2
[INFO] [stderr]     Checking plotters-svg v0.3.7
[INFO] [stderr]     Checking either v1.15.0
[INFO] [stderr]     Checking ttf-parser v0.20.0
[INFO] [stderr]     Checking chrono v0.4.42
[INFO] [stderr]     Checking itertools v0.14.0
[INFO] [stderr]     Checking pathfinder_geometry v0.5.1
[INFO] [stderr]     Checking image v0.24.9
[INFO] [stderr]     Checking dirs-sys v0.5.0
[INFO] [stderr]     Checking winnow v0.7.14
[INFO] [stderr]     Checking regex-automata v0.4.13
[INFO] [stderr]     Checking dirs v6.0.0
[INFO] [stderr]    Compiling freetype-sys v0.20.1
[INFO] [stderr]     Checking plotters-bitmap v0.3.7
[INFO] [stderr]     Checking plotters v0.3.7
[INFO] [stderr]     Checking regex v1.12.2
[INFO] [stderr]     Checking advent2025 v0.1.0 (/opt/rustwide/workdir)
[INFO] [stdout] error: couldn't read `src/../input/day1`: No such file or directory (os error 2)
[INFO] [stdout]  --> src/day1.rs:7:22
[INFO] [stdout]   |
[INFO] [stdout] 7 | const INPUT: &[u8] = include_bytes!("../input/day1");
[INFO] [stdout]   |                      ^^^^^^^^^^^^^^^^^^^^^^^^^^^^^^^
[INFO] [stdout] 
[INFO] [stdout] 
[INFO] [stdout] error: couldn't read `src/../input/day10`: No such file or directory (os error 2)
[INFO] [stdout]   --> src/day10.rs:15:22
[INFO] [stdout]    |
[INFO] [stdout] 15 | const INPUT: &[u8] = include_bytes!("../input/day10");
[INFO] [stdout]    |                      ^^^^^^^^^^^^^^^^^^^^^^^^^^^^^^^^
[INFO] [stdout] 
[INFO] [stdout] 
[INFO] [stdout] error: couldn't read `src/../input/day11`: No such file or directory (os error 2)
[INFO] [stdout]   --> src/day11.rs:10:21
[INFO] [stdout]    |
[INFO] [stdout] 10 | const INPUT: &str = include_str!("../input/day11");
[INFO] [stdout]    |                     ^^^^^^^^^^^^^^^^^^^^^^^^^^^^^^
[INFO] [stdout] 
[INFO] [stdout] 
[INFO] [stdout] error: couldn't read `src/../input/day2`: No such file or directory (os error 2)
[INFO] [stdout]  --> src/day2.rs:6:21
[INFO] [stdout]   |
[INFO] [stdout] 6 | const INPUT: &str = include_str!("../input/day2");
[INFO] [stdout]   |                     ^^^^^^^^^^^^^^^^^^^^^^^^^^^^^
[INFO] [stdout] 
[INFO] [stdout] 
[INFO] [stdout] error: couldn't read `src/../input/day3`: No such file or directory (os error 2)
[INFO] [stdout]  --> src/day3.rs:7:22
[INFO] [stdout]   |
[INFO] [stdout] 7 | const INPUT: &[u8] = include_bytes!("../input/day3");
[INFO] [stdout]   |                      ^^^^^^^^^^^^^^^^^^^^^^^^^^^^^^^
[INFO] [stdout] 
[INFO] [stdout] 
[INFO] [stdout] error: couldn't read `src/../input/day4`: No such file or directory (os error 2)
[INFO] [stdout]  --> src/day4.rs:6:21
[INFO] [stdout]   |
[INFO] [stdout] 6 | const INPUT: &str = include_str!("../input/day4");
[INFO] [stdout]   |                     ^^^^^^^^^^^^^^^^^^^^^^^^^^^^^
[INFO] [stdout] 
[INFO] [stdout] 
[INFO] [stdout] error: couldn't read `src/../input/day5_fresh_ingredients`: No such file or directory (os error 2)
[INFO] [stdout]  --> src/day5.rs:8:34
[INFO] [stdout]   |
[INFO] [stdout] 8 | const FRESH_INGREDIENTS: &[u8] = include_bytes!("../input/day5_fresh_ingredients");
[INFO] [stdout]   |                                  ^^^^^^^^^^^^^^^^^^^^^^^^^^^^^^^^^^^^^^^^^^^^^^^^^
[INFO] [stdout] 
[INFO] [stdout] 
[INFO] [stdout] error: couldn't read `src/../input/day5_available_ingredients`: No such file or directory (os error 2)
[INFO] [stdout]  --> src/day5.rs:9:38
[INFO] [stdout]   |
[INFO] [stdout] 9 | const AVAILABLE_INGREDIENTS: &[u8] = include_bytes!("../input/day5_available_ingredients");
[INFO] [stdout]   |                                      ^^^^^^^^^^^^^^^^^^^^^^^^^^^^^^^^^^^^^^^^^^^^^^^^^^^^^
[INFO] [stdout] 
[INFO] [stdout] 
[INFO] [stdout] error: couldn't read `src/../input/day6`: No such file or directory (os error 2)
[INFO] [stdout]  --> src/day6.rs:8:22
[INFO] [stdout]   |
[INFO] [stdout] 8 | const INPUT: &[u8] = include_bytes!("../input/day6");
[INFO] [stdout]   |                      ^^^^^^^^^^^^^^^^^^^^^^^^^^^^^^^
[INFO] [stdout] 
[INFO] [stdout] 
[INFO] [stdout] error: couldn't read `src/../input/day7`: No such file or directory (os error 2)
[INFO] [stdout]  --> src/day7.rs:7:21
[INFO] [stdout]   |
[INFO] [stdout] 7 | const INPUT: &str = include_str!("../input/day7");
[INFO] [stdout]   |                     ^^^^^^^^^^^^^^^^^^^^^^^^^^^^^
[INFO] [stdout] 
[INFO] [stdout] 
[INFO] [stdout] error: couldn't read `src/../input/day8`: No such file or directory (os error 2)
[INFO] [stdout]  --> src/day8.rs:9:22
[INFO] [stdout]   |
[INFO] [stdout] 9 | const INPUT: &[u8] = include_bytes!("../input/day8");
[INFO] [stdout]   |                      ^^^^^^^^^^^^^^^^^^^^^^^^^^^^^^^
[INFO] [stdout] 
[INFO] [stdout] 
[INFO] [stdout] error: couldn't read `src/../input/day9`: No such file or directory (os error 2)
[INFO] [stdout]  --> src/day9.rs:9:26
[INFO] [stdout]   |
[INFO] [stdout] 9 | pub const INPUT: &[u8] = include_bytes!("../input/day9");
[INFO] [stdout]   |                          ^^^^^^^^^^^^^^^^^^^^^^^^^^^^^^^
[INFO] [stdout] 
[INFO] [stdout] 
[INFO] [stdout] error: couldn't read `src/../input/day1`: No such file or directory (os error 2)
[INFO] [stdout]  --> src/day1.rs:7:22
[INFO] [stdout]   |
[INFO] [stdout] 7 | const INPUT: &[u8] = include_bytes!("../input/day1");
[INFO] [stdout]   |                      ^^^^^^^^^^^^^^^^^^^^^^^^^^^^^^^
[INFO] [stdout] 
[INFO] [stdout] 
[INFO] [stdout] error: couldn't read `src/../input/day10`: No such file or directory (os error 2)
[INFO] [stdout]   --> src/day10.rs:15:22
[INFO] [stdout]    |
[INFO] [stdout] 15 | const INPUT: &[u8] = include_bytes!("../input/day10");
[INFO] [stdout]    |                      ^^^^^^^^^^^^^^^^^^^^^^^^^^^^^^^^
[INFO] [stdout] 
[INFO] [stdout] 
[INFO] [stdout] error: couldn't read `src/../input/day11`: No such file or directory (os error 2)
[INFO] [stdout]   --> src/day11.rs:10:21
[INFO] [stdout]    |
[INFO] [stdout] 10 | const INPUT: &str = include_str!("../input/day11");
[INFO] [stdout]    |                     ^^^^^^^^^^^^^^^^^^^^^^^^^^^^^^
[INFO] [stdout] 
[INFO] [stdout] 
[INFO] [stdout] error: couldn't read `src/../input/day2`: No such file or directory (os error 2)
[INFO] [stdout]  --> src/day2.rs:6:21
[INFO] [stdout]   |
[INFO] [stdout] 6 | const INPUT: &str = include_str!("../input/day2");
[INFO] [stdout]   |                     ^^^^^^^^^^^^^^^^^^^^^^^^^^^^^
[INFO] [stdout] 
[INFO] [stdout] 
[INFO] [stdout] error: couldn't read `src/../input/day3`: No such file or directory (os error 2)
[INFO] [stdout]  --> src/day3.rs:7:22
[INFO] [stdout]   |
[INFO] [stdout] 7 | const INPUT: &[u8] = include_bytes!("../input/day3");
[INFO] [stdout]   |                      ^^^^^^^^^^^^^^^^^^^^^^^^^^^^^^^
[INFO] [stdout] 
[INFO] [stdout] 
[INFO] [stdout] error: couldn't read `src/../input/day4`: No such file or directory (os error 2)
[INFO] [stdout]  --> src/day4.rs:6:21
[INFO] [stdout]   |
[INFO] [stdout] 6 | const INPUT: &str = include_str!("../input/day4");
[INFO] [stdout]   |                     ^^^^^^^^^^^^^^^^^^^^^^^^^^^^^
[INFO] [stdout] 
[INFO] [stdout] 
[INFO] [stdout] error: couldn't read `src/../input/day5_fresh_ingredients`: No such file or directory (os error 2)
[INFO] [stdout]  --> src/day5.rs:8:34
[INFO] [stdout]   |
[INFO] [stdout] 8 | const FRESH_INGREDIENTS: &[u8] = include_bytes!("../input/day5_fresh_ingredients");
[INFO] [stdout]   |                                  ^^^^^^^^^^^^^^^^^^^^^^^^^^^^^^^^^^^^^^^^^^^^^^^^^
[INFO] [stdout] 
[INFO] [stdout] 
[INFO] [stdout] error: couldn't read `src/../input/day5_available_ingredients`: No such file or directory (os error 2)
[INFO] [stdout]  --> src/day5.rs:9:38
[INFO] [stdout]   |
[INFO] [stdout] 9 | const AVAILABLE_INGREDIENTS: &[u8] = include_bytes!("../input/day5_available_ingredients");
[INFO] [stdout]   |                                      ^^^^^^^^^^^^^^^^^^^^^^^^^^^^^^^^^^^^^^^^^^^^^^^^^^^^^
[INFO] [stdout] 
[INFO] [stdout] 
[INFO] [stdout] error: couldn't read `src/../input/day6`: No such file or directory (os error 2)
[INFO] [stdout]  --> src/day6.rs:8:22
[INFO] [stdout]   |
[INFO] [stdout] 8 | const INPUT: &[u8] = include_bytes!("../input/day6");
[INFO] [stdout]   |                      ^^^^^^^^^^^^^^^^^^^^^^^^^^^^^^^
[INFO] [stdout] 
[INFO] [stdout] 
[INFO] [stdout] error: couldn't read `src/../input/day7`: No such file or directory (os error 2)
[INFO] [stdout]  --> src/day7.rs:7:21
[INFO] [stdout]   |
[INFO] [stdout] 7 | const INPUT: &str = include_str!("../input/day7");
[INFO] [stdout]   |                     ^^^^^^^^^^^^^^^^^^^^^^^^^^^^^
[INFO] [stdout] 
[INFO] [stdout] 
[INFO] [stdout] error: couldn't read `src/../input/day8`: No such file or directory (os error 2)
[INFO] [stdout]  --> src/day8.rs:9:22
[INFO] [stdout]   |
[INFO] [stdout] 9 | const INPUT: &[u8] = include_bytes!("../input/day8");
[INFO] [stdout]   |                      ^^^^^^^^^^^^^^^^^^^^^^^^^^^^^^^
[INFO] [stdout] 
[INFO] [stdout] 
[INFO] [stdout] error: couldn't read `src/../input/day9`: No such file or directory (os error 2)
[INFO] [stdout]  --> src/day9.rs:9:26
[INFO] [stdout]   |
[INFO] [stdout] 9 | pub const INPUT: &[u8] = include_bytes!("../input/day9");
[INFO] [stdout]   |                          ^^^^^^^^^^^^^^^^^^^^^^^^^^^^^^^
[INFO] [stdout] 
[INFO] [stdout] 
[INFO] [stderr] error: could not compile `advent2025` (lib) due to 12 previous errors
[INFO] [stderr] warning: build failed, waiting for other jobs to finish...
[INFO] [stderr] error: could not compile `advent2025` (lib test) due to 12 previous errors
[INFO] running `Command { std: "docker" "inspect" "04b502cc4baf97171f6d3885bff41c37523c4314ce56fd1882ab0ab535f39cd4", kill_on_drop: false }`
[INFO] running `Command { std: "docker" "rm" "-f" "04b502cc4baf97171f6d3885bff41c37523c4314ce56fd1882ab0ab535f39cd4", kill_on_drop: false }`
[INFO] [stdout] 04b502cc4baf97171f6d3885bff41c37523c4314ce56fd1882ab0ab535f39cd4
